when 1688164 is divided by 9702.
16
What is the remainder when 108167 is divided by 701?
213
What is the remainder when 191738 is divided by 2093?
1275
What is the remainder when 91797 is divided by 18341?
92
Calculate the remainder when 2598015 is divided by 156.
147
Calculate the remainder when 12687352 is divided by 64.
56
Calculate the remainder when 1102693 is divided by 20.
13
Calculate the remainder when 20652 is divided by 840.
492
What is the remainder when 2992239 is divided by 8879?
16
What is the remainder when 524923 is divided by 9137?
4114
What is the remainder when 1630803 is divided by 163078?
23
Calculate the remainder when 338894 is divided by 333764.
5130
What is the remainder when 80782475 is divided by 38?
23
What is the remainder when 1552622 is divided by 11416?
46
Calculate the remainder when 23156 is divided by 20819.
2337
What is the remainder when 14575425 is divided by 4?
1
What is the remainder when 1504376 is divided by 1504371?
5
What is the remainder when 710193 is divided by 177385?
653
What is the remainder when 820642 is divided by 164036?
462
What is the remainder when 46843 is divided by 59?
56
Calculate the remainder when 5989116 is divided by 125.
116
Calculate the remainder when 567651 is divided by 1375.
1151
Calculate the remainder when 5623922 is divided by 52.
18
What is the remainder when 705550 is divided by 578?
390
Calculate the remainder when 1252931 is divided by 6327.
185
Calculate the remainder when 8584 is divided by 2820.
124
What is the remainder when 1251819 is divided by 11078?
5
Calculate the remainder when 14100 is divided by 1461.
951
What is the remainder when 425948 is divided by 408?
404
Calculate the remainder when 858009 is divided by 300.
9
Calculate the remainder when 2762513 is divided by 1896.
41
Calculate the remainder when 672769337 is divided by 6743.
6741
Calculate the remainder when 3417844 is divided by 757.
746
Calculate the remainder when 367303 is divided by 145.
18
What is the remainder when 9252048 is divided by 6123?
195
What is the remainder when 13818 is divided by 844?
314
Calculate the remainder when 6967797 is divided by 53.
46
What is the remainder when 999007 is divided by 511?
2
What is the remainder when 19173247 is divided by 88?
71
What is the remainder when 21183681 is divided by 189?
183
Calculate the remainder when 1180717 is divided by 13119.
7
What is the remainder when 193290 is divided by 6014?
842
Calculate the remainder when 232347411 is divided by 348.
339
What is the remainder when 442284 is divided by 22113?
24
What is the remainder when 913536 is divided by 19436?
44
Calculate the remainder when 33243539 is divided by 3135.
3134
Calculate the remainder when 33947278 is divided by 1616535.
43
What is the remainder when 20089811 is divided by 83?
76
What is the remainder when 103708 is divided by 12?
4
Calculate the remainder when 19766277 is divided by 4941567.
9
Calculate the remainder when 5689436 is divided by 382.
310
What is the remainder when 606683 is divided by 6894?
11
What is the remainder when 2920266 is divided by 398?
140
What is the remainder when 4945920 is divided by 189?
168
Calculate the remainder when 82166728 is divided by 34365.
13
Calculate the remainder when 7268005 is divided by 330363.
19
Calculate the remainder when 1335856 is divided by 111317.
52
Calculate the remainder when 14850 is divided by 10440.
4410
Calculate the remainder when 7274725 is divided by 67.
66
Calculate the remainder when 729011 is divided by 466.
187
What is the remainder when 30443260 is divided by 895389?
34
What is the remainder when 1116025 is divided by 515?
20
Calculate the remainder when 1623353 is divided by 540856.
785
Calculate the remainder when 442 is divided by 77.
57
Calculate the remainder when 7720988 is divided by 1544195.
13
Calculate the remainder when 45198 is divided by 676.
582
What is the remainder when 59608797 is divided by 29804387?
23
Calculate the remainder when 435858 is divided by 620.
618
What is the remainder when 1762710 is divided by 2?
0
What is the remainder when 5152251 is divided by 540?
111
Calculate the remainder when 836342 is divided by 1030.
1012
Calculate the remainder when 70035008 is divided by 9664.
0
What is the remainder when 32027300 is divided by 183013?
25
What is the remainder when 28762 is divided by 886?
410
What is the remainder when 39928256 is divided by 17857?
4
What is the remainder when 810138 is divided by 1040?
1018
Calculate the remainder when 18085616 is divided by 1023.
1022
What is the remainder when 128210 is divided by 4371?
1451
What is the remainder when 24630906 is divided by 2003?
15
Calculate the remainder when 6099917 is divided by 554.
377
Calculate the remainder when 9484800 is divided by 243200.
0
What is the remainder when 442610 is divided by 220382?
1846
Calculate the remainder when 5612 is divided by 693.
68
What is the remainder when 63006 is divided by 6277?
236
Calculate the remainder when 182331 is divided by 127.
86
What is the remainder when 8200 is divided by 2648?
256
What is the remainder when 5554715 is divided by 106?
103
What is the remainder when 42517 is divided by 21198?
121
Calculate the remainder when 211861 is divided by 19248.
133
What is the remainder when 47784 is divided by 22473?
2838
Calculate the remainder when 979974 is divided by 6851.
281
Calculate the remainder when 6845053 is divided by 2297.
2290
What is the remainder when 10829997 is divided by 1425?
1422
What is the remainder when 23769532 is divided by 433?
430
Calculate the remainder when 15640126 is divided by 2592.
2590
What is the remainder when 9045660 is divided by 9045657?
3
Calculate the remainder when 154154721 is divided by 7178.
7171
Calculate the remainder when 38745 is divided by 3002.
2721
Calculate the remainder when 12956802 is divided by 4686.
12
Calculate the remainder when 104366543 is divided by 14909506.
1
What is the remainder when 354511689 is divided by 247?
246
What is the remainder when 6234090 is divided by 89?
85
Calculate the remainder when 1971579 is divided by 117.
12
What is the remainder when 246501 is divided by 4415?
3676
Calculate the remainder when 4947076 is divided by 41.
16
What is the remainder when 16896787 is divided by 351?
349
Calculate the remainder when 16375745 is divided by 58.
25
Calculate the remainder when 2778875 is divided by 111155.
0
Calculate the remainder when 70169 is divided by 11467.
1367
What is the remainder when 4912089 is divided by 181926?
87
Calculate the remainder when 79038807 is divided by 18.
15
Calculate the remainder when 1015338 is divided by 203056.
58
Calculate the remainder when 1647 is divided by 670.
307
What is the remainder when 56864 is divided by 2842?
24
What is the remainder when 42180 is divided by 637?
138
What is the remainder when 38743361 is divided by 12514?
17
Calculate the remainder when 248225 is divided by 4134.
185
Calculate the remainder when 9088 is divided by 6796.
2292
Calculate the remainder when 56349021 is divided by 224498.
23
What is the remainder when 305374 is divided by 305310?
64
What is the remainder when 6029 is divided by 97?
15
What is the remainder when 7200662 is divided by 1200110?
2
Calculate the remainder when 736881 is divided by 184167.
213
Calculate the remainder when 1307389 is divided by 25.
14
Calculate the remainder when 18085628 is divided by 9.
2
Calculate the remainder when 123332026 is divided by 61666000.
26
What is the remainder when 562618 is divided by 280267?
2084
What is the remainder when 543993 is divided by 5091?
4347
What is the remainder when 136220176 is divided by 309?
307
Calculate the remainder when 27473083 is divided by 44383.
6
What is the remainder when 25074 is divided by 4078?
606
Calculate the remainder when 44467636 is divided by 109.
105
Calculate the remainder when 104467 is divided by 5483.
290
What is the remainder when 80669522 is divided by 3486?
3482
What is the remainder when 32666846 is divided by 458?
454
Calculate the remainder when 4741937 is divided by 964.
21
Calculate the remainder when 1185686575 is divided by 58.
57
Calculate the remainder when 120003 is divided by 33.
15
What is the remainder when 995728680